52.
52
Calculate the highest common factor of 51573546 and 102.
102
What is the highest common factor of 1768 and 1731704?
104
Calculate the highest common factor of 356070 and 2694120.
4290
What is the greatest common divisor of 117211 and 13653609?
589
Calculate the greatest common factor of 310 and 50335165.
155
What is the greatest common factor of 10965069 and 13563?
1233
Calculate the highest common factor of 83116 and 88631880.
7556
Calculate the highest common divisor of 13616 and 22286839.
851
What is the greatest common divisor of 26 and 235720472?
26
Calculate the highest common divisor of 3178650 and 4020.
30
Calculate the greatest common factor of 2225286 and 2016.
126
What is the greatest common divisor of 784 and 1801184?
112
Calculate the greatest common factor of 467511633 and 443.
443
Calculate the greatest common divisor of 28180 and 20660.
20
What is the greatest common factor of 16472 and 54589344?
568
Calculate the greatest common factor of 20634 and 4924743.
57
Calculate the highest common factor of 39142586 and 308.
14
What is the highest common divisor of 135224892 and 792?
396
Calculate the greatest common divisor of 2829457 and 210799.
2969
Calculate the highest common factor of 9176 and 8288222.
2294
Calculate the highest common divisor of 2356248 and 8184.
744
What is the greatest common factor of 584 and 1819816?
8
Calculate the greatest common factor of 52 and 1465984.
52
Calculate the highest common factor of 20176356 and 48.
12
Calculate the highest common divisor of 18605412 and 3434.
3434
What is the greatest common factor of 252704 and 15706984?
1192
What is the greatest common divisor of 4002589 and 1853?
109
What is the greatest common divisor of 13475 and 3929100?
175
What is the highest common factor of 130000 and 719888?
208
Calculate the greatest common factor of 120590595 and 180.
45
What is the highest common divisor of 19 and 15183869?
19
Calculate the greatest common factor of 101460 and 675830.
190
What is the greatest common factor of 530038 and 73040?
166
Calculate the highest common factor of 47673560 and 59752.
8536
Calculate the greatest common factor of 16573 and 1319.
1
What is the greatest common factor of 514568 and 3165968?
3928
Calculate the greatest common factor of 17364988 and 2368.
148
Calculate the highest common factor of 32971848 and 2604.
2604
What is the highest common factor of 2394 and 6321546?
126
What is the highest common divisor of 1243 and 13818838?
11
Calculate the highest common factor of 569868 and 1547748.
3372
What is the highest common divisor of 49582129 and 5870?
587
What is the highest common divisor of 70564 and 11856?
52
What is the greatest common divisor of 1617 and 3873254?
539
Calculate the highest common factor of 24564680 and 166.
166
What is the highest common factor of 1579382 and 34706?
518
Calculate the highest common factor of 140 and 104720630.
70
Calculate the highest common divisor of 238583 and 136097.
551
What is the greatest common factor of 9019460 and 8540?
1220
Calculate the greatest common divisor of 12290 and 1459099525.
6145
Calculate the greatest common divisor of 5830320 and 15504.
816
What is the greatest common divisor of 982 and 18809719?
491
Calculate the greatest common divisor of 34311492 and 4608.
36
What is the highest common factor of 183 and 234744?
3
Calculate the highest common factor of 614406 and 138606.
78
What is the greatest common divisor of 10138 and 1797577?
137
Calculate the highest common factor of 900 and 10565300.
100
Calculate the greatest common divisor of 462026685 and 705.
705
What is the greatest common factor of 36612 and 654804?
324
What is the greatest common factor of 2220 and 787530?
30
Calculate the greatest common factor of 64056 and 831912.
408
What is the greatest common factor of 1726932 and 828?
276
What is the greatest common divisor of 14181 and 46893?
87
What is the greatest common factor of 38898160 and 4655?
245
Calculate the greatest common factor of 35802258 and 6.
6
What is the highest common divisor of 46816 and 1593017?
19
Calculate the greatest common divisor of 2 and 672161.
1
Calculate the greatest common divisor of 926308 and 5783920.
1468
Calculate the greatest common divisor of 108037108 and 7208.
3604
What is the greatest common factor of 24364110 and 60?
30
What is the highest common factor of 17000 and 973624?
136
Calculate the greatest common factor of 40 and 738572240.
40
Calculate the highest common factor of 1722390 and 180.
30
Calculate the highest common factor of 27909 and 945.
63
Calculate the greatest common divisor of 4025383 and 1578678.
2459
Calculate the greatest common factor of 3761178750 and 18.
18
What is the greatest common factor of 334113186 and 264?
66
What is the greatest common divisor of 4611541392 and 603?
603
What is the highest common divisor of 1115881 and 5?
1
Calculate the highest common divisor of 20374 and 263642.
122
Calculate the highest common divisor of 62799 and 5610.
33
Calculate the greatest common factor of 160071883 and 173.
173
What is the greatest common divisor of 280994 and 644?
14
Calculate the highest common factor of 9942 and 91390178.
3314
What is the greatest common divisor of 51007488 and 609?
21
What is the greatest common divisor of 2087 and 13843?
1
Calculate the highest common divisor of 528 and 1162312.
8
Calculate the greatest common divisor of 163823112 and 1035.
207
What is the greatest common divisor of 9010 and 4500920?
170
What is the highest common divisor of 40080 and 9527016?
4008
What is the highest common divisor of 31904 and 54464?
32
What is the highest common divisor of 31160896 and 884?
52
Calculate the greatest common divisor of 78946 and 7994.
14
What is the greatest common factor of 1733712 and 1956?
12
What is the highest common factor of 107502 and 1680702?
2622
What is the greatest common divisor of 553527875 and 250?
125
What is the highest common factor of 17390 and 42567242?
3478
What is the greatest common factor of 6804 and 380214?
162
What is the greatest common factor of 194 and 124963354?
194
What is the greatest common factor of 2858676 and 84?
12
What is the greatest common factor of 14718 and 1612290?
1338
What is the greatest common divisor of 213814265 and 105?
35
What is the highest common factor of 32571 and 4012155?
2961
Calculate the highest common factor of 7918 and 160654.
74
What is the highest common factor of 108518388 and 639?
213
Calculate the highest common divisor of 413451 and 26379.
27
What is the highest common divisor of 2367 and 2430612?
9
Calculate the highest common factor of 145421406 and 108.
54
What is the highest common divisor of 3146894 and 114?
38
What is the greatest common factor of 3870 and 1701180?
90
What is the highest common factor of 26774470 and 20?
10
Calculate the highest common factor of 276579912 and 502.
502
Calculate the highest common divisor of 1392 and 539275416.
696
What is the highest common factor of 8279230 and 140?
10
What is the highest common divisor of 198610027 and 231?
77
What is the greatest common divisor of 329621 and 256849?
113
Calculate the highest common divisor of 379214074 and 573.
191
Calculate the highest common divisor of 1502067 and 2121.
21
What is the greatest common factor of 6601 and 242620698?
943
Calculate the greatest common factor of 273351 and 101265.
129
What is the greatest common divisor of 39153 and 296140241?
13051
Calculate the greatest common factor of 102483 and 9853.
59
What is the highest common divisor of 38201439 and 40390?
577
Calculate the highest common factor of 35020248 and 16.
8
What is the highest common factor of 4490104 and 649316?
2396
What is the highest common factor of 1440 and 20827584?
288
What is the greatest common factor of 6653 and 684613659?
6653
What is the highest common factor of 836 and 17014063?
209
Calculate the greatest common factor of 1304 and 12742036.
652
What is the greatest common factor of 15046537 and 152?
19
Calculate the highest common factor of 12069597 and 333.
3
What is the greatest common factor of 395 and 472733788?
79
Calculate the greatest common divisor of 159620 and 146165.
115
Calculate the greatest common divisor of 840410 and 61690.
310
Calculate th